18?
115
Calculate the remainder when 49009 is divided by 941.
77
What is the remainder when 2482 is divided by 300?
82
Calculate the remainder when 6873 is divided by 403.
22
What is the remainder when 13576 is divided by 50?
26
What is the remainder when 15780 is divided by 26?
24
Calculate the remainder when 23566 is divided by 397.
143
What is the remainder when 317135 is divided by 125?
10
What is the remainder when 494 is divided by 78?
26
Calculate the remainder when 133216 is divided by 125.
91
What is the remainder when 175099 is divided by 340?
339
Calculate the remainder when 137155 is divided by 194.
191
What is the remainder when 5912 is divided by 546?
452
Calculate the remainder when 11823 is divided by 2834.
487
Calculate the remainder when 1621267 is divided by 10.
7
Calculate the remainder when 1457 is divided by 550.
357
Calculate the remainder when 10673 is divided by 3400.
473
What is the remainder when 16512 is divided by 367?
364
What is the remainder when 281403 is divided by 535?
528
What is the remainder when 1094 is divided by 767?
327
What is the remainder when 9327 is divided by 110?
87
Calculate the remainder when 2909 is divided by 966.
11
Calculate the remainder when 1876 is divided by 82.
72
What is the remainder when 16499 is divided by 33?
32
What is the remainder when 4174 is divided by 104?
14
What is the remainder when 115537 is divided by 517?
246
Calculate the remainder when 218731 is divided by 243.
31
What is the remainder when 20200 is divided by 4039?
5
What is the remainder when 1861971 is divided by 19?
9
What is the remainder when 538019 is divided by 490?
489
What is the remainder when 21739 is divided by 275?
14
What is the remainder when 8447 is divided by 235?
222
What is the remainder when 5784 is divided by 2867?
50
What is the remainder when 4116 is divided by 9?
3
What is the remainder when 4894 is divided by 61?
14
Calculate the remainder when 34164 is divided by 33671.
493
Calculate the remainder when 10556 is divided by 10414.
142
Calculate the remainder when 8941 is divided by 8937.
4
Calculate the remainder when 60269 is divided by 607.
176
What is the remainder when 96252 is divided by 31?
28
What is the remainder when 99197 is divided by 135?
107
What is the remainder when 3055 is divided by 1018?
1
Calculate the remainder when 9559 is divided by 1684.
1139
Calculate the remainder when 2924 is divided by 2916.
8
What is the remainder when 5961 is divided by 539?
32
What is the remainder when 5030 is divided by 392?
326
Calculate the remainder when 166156 is divided by 306.
304
What is the remainder when 636 is divided by 566?
70
What is the remainder when 9764 is divided by 80?
4
Calculate the remainder when 67504 is divided by 115.
114
Calculate the remainder when 17847 is divided by 34.
31
Calculate the remainder when 32495 is divided by 12.
11
Calculate the remainder when 94077 is divided by 18.
9
What is the remainder when 7519 is divided by 439?
56
What is the remainder when 39728 is divided by 136?
16
What is the remainder when 221899 is divided by 97?
60
What is the remainder when 8915 is divided by 594?
5
What is the remainder when 15359 is divided by 224?
127
Calculate the remainder when 251546 is divided by 19349.
9
Calculate the remainder when 11364 is divided by 544.
484
What is the remainder when 78349 is divided by 16?
13
Calculate the remainder when 5022 is divided by 555.
27
What is the remainder when 43089 is divided by 278?
277
What is the remainder when 23269 is divided by 3319?
36
What is the remainder when 19903 is divided by 3978?
13
Calculate the remainder when 15154 is divided by 109.
3
What is the remainder when 12904 is divided by 43?
4
Calculate the remainder when 2615 is divided by 378.
347
What is the remainder when 8235 is divided by 4112?
11
What is the remainder when 58706 is divided by 124?
54
What is the remainder when 87583 is divided by 1414?
1329
What is the remainder when 43474 is divided by 631?
566
Calculate the remainder when 14433 is divided by 322.
265
What is the remainder when 5192 is divided by 431?
20
What is the remainder when 1940 is divided by 54?
50
What is the remainder when 7789 is divided by 484?
45
Calculate the remainder when 42260 is divided by 18.
14
Calculate the remainder when 5474 is divided by 5438.
36
What is the remainder when 58818 is divided by 14702?
10
What is the remainder when 18077 is divided by 583?
4
What is the remainder when 1256 is divided by 381?
113
Calculate the remainder when 33215 is divided by 664.
15
What is the remainder when 45780 is divided by 211?
204
What is the remainder when 2973 is divided by 1287?
399
Calculate the remainder when 31693 is divided by 46.
45
What is the remainder when 31969 is divided by 7929?
253
What is the remainder when 12553 is divided by 932?
437
Calculate the remainder when 3472 is divided by 16.
0
Calculate the remainder when 6420 is divided by 182.
50
What is the remainder when 32687 is divided by 10891?
14
Calculate the remainder when 4840 is divided by 4744.
96
Calculate the remainder when 79842 is divided by 19960.
2
What is the remainder when 11136 is divided by 159?
6
What is the remainder when 37166 is divided by 9291?
2
Calculate the remainder when 7778 is divided by 863.
11
Calculate the remainder when 629730 is divided by 833.
815
Calculate the remainder when 816 is divided by 757.
59
What is the remainder when 206474 is divided by 15?
14
What is the remainder when 2622 is divided by 270?
192
What is the remainder when 30873 is divided by 754?
713
What is the remainder when 6704 is divided by 2712?
1280
Calculate the remainder when 165425 is divided by 37.
35
Calculate the remainder when 1524 is divided by 1517.
7
What is the remainder when 70314 is divided by 13?
10
Calculate the remainder when 575 is divided by 14.
1
What is the remainder when 6296 is divided by 3133?
30
What is the remainder when 23778 is divided by 1251?
9
What is the remainder when 2983 is divided by 305?
238
Calculate the remainder when 1396099 is divided by 20.
19
What is the remainder when 28410 is divided by 14147?
116
What is the remainder when 23957 is divided by 4776?
77
What is the remainder when 29350 is divided by 9783?
1
Calculate the remainder when 3550 is divided by 885.
10
Calculate the remainder when 30406 is divided by 144.
22
Calculate the remainder when 53550 is divided by 186.
168
Calculate the remainder when 52195 is divided by 116.
111
Calculate the remainder when 2991 is divided by 2914.
77
Calculate the remainder when 228022 is divided by 389.
68
What is the remainder when 1237411 is divided by 618697?
17
Calculate the remainder when 44438 is divided by 88.
86
What is the remainder when 97618 is divided by 316?
290
What is the remainder when 25049 is divided by 12334?
381
Calculate the remainder when 10775 is divided by 21.
2
Calculate the remainder when 10928 is divided by 993.
5
Calculate the remainder when 14055 is divided by 183.
147
Calculate the remainder when 28465 is divided by 316.
25
Calculate the remainder when 13922 is divided by 6804.
314
Calculate the remainder when 50410 is divided by 8395.
40
What is the remainder when 152458 is divided by 484?
482
Calculate the remainder when 119345 is divided by 23.
21
What is the remainder when 509046 is divided by 34?
32
Calculate the remainder when 29244 is divided by 2436.
12
Calculate the remainder when 8274 is divided by 1050.
924
What is the remainder when 14075 is divided by 4683?
26
Calculate the remainder when 762 is divided by 729.
33
Calculate the remainder when 2688 is divided by 353.
217
What is the remainder when 5068 is divided by 89?
84
Calculate the remainder when 11204 is divided by 249.
248
What is the remainder when 58 is divided by 1?
0
What is the remainder when 1650 is divided by 849?
801
Calculate the remainder when 41006 is divided by 4.
2
Calculate the remainder when 27462 is divided by 134.
126
What is the remainder when 18639 is divided by 3638?
449
What is the remainder when 27705 is divided by 60?
45
What is the remainder when 248230 is divided by 940?
70
What is the remainder when 1931 is divided by 172?
39
Calculate the remainder when 234114 is divided by 1829.
2
What is the rem